. Calculate r(24).
10
Let y(t) = -5*t**2 - 2439*t - 26370. Determine y(-11).
-146
Let f(i) = 5*i**2 + 19*i - 1599. Calculate f(16).
-15
Let p(a) = a**3 - 442*a**2 + 29262*a - 7581. What is p(361)?
0
Let u(d) = -d**3 - 23*d**2 + 77*d + 2697. Determine u(-19).
-210
Let c(n) = -83*n**3 - 34*n**2 - 44*n - 23. What is c(-1)?
70
Let f(u) = u**2 - 2314*u - 39550. Calculate f(-17).
77
Let a(s) = -s**3 - 227*s**2 + 2161*s + 8742. Calculate a(-236).
10
Let t(n) = n**2 - 2279*n + 854278. Give t(473).
40
Let d(b) = 85*b**2 - 45*b - 1591. Determine d(-4).
-51
Let v(w) = 367*w**2 - 26787*w + 322. Calculate v(73).
614
Let g(c) = -470*c**3 + 379*c + 764. Determine g(-2).
3766
Let m(p) = 4657*p**3 - 2*p**2 + 167*p - 167. Determine m(1).
4655
Let h(t) = -373*t - 31766. What is h(-85)?
-61
Let h(v) = 303*v - 1476. What is h(3)?
-567
Let w(h) = 30*h**3 - 90*h**2 - 3484*h + 10447. Give w(3).
-5
Let c(j) = j**3 + 115*j**2 + 274*j + 18353. Calculate c(-114).
113
Let b(o) = 2*o**3 - 222*o**2 + 1588*o + 338. What is b(8)?
-142
Let a(m) = -799*m + 787. Calculate a(1).
-12
Let a(o) = o**2 + 111*o + 550. Calculate a(-5).
20
Let b(h) = -3*h**2 + 586*h - 6093. What is b(180)?
2187
Let o(f) = -52848*f + 422899. Calculate o(8).
115
Let t(z) = 3*z**3 + 315*z**2 - 405*z - 42375. Determine t(-105).
150
Let w(f) = 164975*f - 4289378. Determine w(26).
-28
Let p(o) = -34775*o + 1773519. Give p(51).
-6
Let j(p) = p**2 - 2544*p - 28119. Determine j(-11).
-14
Let d(r) = 1849665*r - 7398615. Calculate d(4).
45
Let j(q) = -q**3 - 3*q**2 + 6671*q - 71. What is j(0)?
-71
Let z(l) = 77*l + 5682. Determine z(-80).
-478
Let g(h) = 35*h**2 + 283*h + 24. What is g(-6)?
-414
Let x(j) = -j**3 - j**2 + 169*j + 878. Determine x(-7).
-11
Let f(p) = -535*p + 7817. What is f(15)?
-208
Let z(n) = -17*n**2 + 7303*n - 43262. What is z(6)?
-56
Let t(u) = -u**2 - 29*u + 163. Determine t(-35).
-47
Let p(y) = -y**3 - 53*y**2 - 100*y - 5285. Calculate p(-53).
15
Let t(x) = -x**3 + 267*x**2 - 5397*x + 86. What is t(22)?
-68
Let v(g) = 3*g**2 - 1692*g - 62896. Calculate v(599).
-1
Let y(t) = -2673*t - 2708. Determine y(-1).
-35
Let n(u) = 1050*u - 23140. What is n(22)?
-40
Let g(f) = f**3 + 301*f**2 + 849*f - 13828. Give g(-298).
-418
Let n(m) = m**3 - 423*m**2 - 25*m + 11115. Calculate n(423).
540
Let h(d) = -4*d**2 + 4337*d + 129133. What is h(-29)?
-4
Let p(o) = 21812*o - 2791944. Determine p(128).
-8
Let t(j) = -7182*j + 869081. Determine t(121).
59
Let a(s) = 3*s**2 - 251*s - 29. Calculate a(89).
1395
Let w(u) = -12448*u - 1692926. Determine w(-136).
2
Let r(p) = p**3 + 736*p**2 - 821*p - 61905. What is r(-737)?
3
Let s(k) = 12402*k + 111560. What is s(-9)?
-58
Let a(m) = 1456*m + 31196. Give a(-20).
2076
Let c(i) = 2*i**2 + 107*i - 8434. What is c(-99)?
575
Let f(y) = -y**2 - 766*y - 137193. Calculate f(-286).
87
Let d(p) = 48*p**2 + 180*p + 218. Determine d(-3).
110
Let t(x) = -99*x**2 - 13391*x - 29800. Determine t(-133).
-8
Let x(f) = -117*f**3 + 28*f - 44. Calculate x(2).
-924
Let y(m) = -12*m**2 - 908*m + 301. Give y(-76).
-3
Let r(u) = 3776*u - 15113. Give r(4).
-9
Let f(g) = 3*g**3 - 50*g**2 + 180*g - 3413. What is f(17)?
-64
Let b(m) = -127*m - 17030. Determine b(-134).
-12
Let c(n) = 2402*n**2 - 4846*n + 87. What is c(2)?
3
Let g(l) = -10*l**3 - 232*l**2 + 193*l - 9. What is g(-24)?
-33
Let t(z) = -168*z + 14579. Calculate t(90).
-541
Let w(q) = 20*q**2 - 245*q + 63. Calculate w(7).
-672
Let i(f) = -f**2 + 62*f + 4281. Calculate i(101).
342
Let w(i) = 9708*i + 38834. Give w(-4).
2
Let p(o) = 14*o**3 - 474*o**2 - 58*o + 22. What is p(34)?
362
Let t(f) = 2*f**2 + 600*f + 22598. Give t(-46).
-770
Let q(g) = -g**3 + 161*g**2 + 1176*g + 151. Give q(168).
151
Let w(h) = 2*h**3 + 8*h**2 - 764*h - 5019. Give w(-7).
35
Let s(m) = 807161*m - 807139. What is s(1)?
22
Let v(l) = -2*l**3 + 290*l**2 - 854*l + 507. Determine v(142).
223
Let c(u) = 6863*u - 733899. Give c(107).
442
Let g(y) = -7*y**2 - 1377*y + 5958. Determine g(-201).
-72
Let r(i) = -64199*i + 9116258. Determine r(142).
0
Let k(h) = -393*h + 4893. Give k(12).
177
Let q(u) = 21*u**2 + 224*u - 646. Determine q(-10).
-786
Let p(t) = 11*t**3 - 217*t**2 - 47*t - 26. What is p(20)?
234
Let j(q) = q**3 - 57*q**2 + 814*q + 201. Calculate j(29).
259
Let n(m) = -2536*m**2 - 25371*m - 83. What is n(-10)?
27
Let q(f) = f**2 + 185*f + 1351. What is q(-10)?
-399
Let k(t) = 3*t**2 - 242*t + 2539. Determine k(70).
299
Let h(w) = 169*w - 4815. Determine h(33).
762
Let y(u) = 64*u**2 - 47*u + 31. Determine y(4).
867
Let z(o) = 61*o**2 - 4587*o - 27547. What is z(-6)?
2171
Let u(g) = 79*g - 2130. What is u(32)?
398
Let i(q) = 48647*q + 535133. Determine i(-11).
16
Let k(d) = -d**3 + 114*d**2 + 19*d + 10512. What is k(115)?
-528
Let c(i) = 2*i**3 + 112*i**2 + 10*i - 11138. Give c(-54).
-14
Let p(c) = -7023*c - 2493169. Calculate p(-355).
-4
Let h(x) = 4*x**3 - 17*x**2 + 24*x - 73. Give h(3).
-46
Let w(p) = -9*p**2 + 510*p + 153. Determine w(57).
-18
Let i(x) = -197*x**2 - 87*x + 188. What is i(2)?
-774
Let t(o) = -42*o**2 + 8315*o + 33902. Calculate t(-4).
-30
Let n(g) = 5834*g + 59664. Calculate n(-10).
1324
Let t(y) = -y**3 + 424*y**2 + 11707*y + 175. Give t(-26).
-7
Let b(o) = o**3 + 4*o**2 + 4233*o - 4237. Determine b(1).
1
Let t(r) = r**3 - 63*r**2 + 16*r - 9540. Give t(65).
-50
Let o(t) = 213113*t + 13213017. Determine o(-62).
11
Let b(r) = 58*r - 6421. What is b(81)?
-1723
Let n(b) = -b**2 + 8697*b - 1798816. Give n(212).
4
Let l(x) = -1140*x + 3794. Give l(4).
-766
Let g(q) = -43*q**2 + 533*q + 83. Give g(14).
-883
Let a(i) = i**3 + 115*i**2 - 2051*i - 719. Determine a(16).
1
Let f(w) = 26*w + 1574. What is f(-9)?
1340
Let k(g) = -4*g**2 - 571*g + 42490. Determine k(54).
-8
Let y(p) = -p**2 - 46922*p - 1734714. Determine y(-37).
31
Let j(x) = 1540*x - 458920. Determine j(298).
0
Let u(i) = -207*i + 15109. Determine u(72).
205
Let m(u) = 102*u - 3198. What is m(32)?
66
Let t(x) = 40*x**2 + 8078*x - 132. What is t(-202)?
272
Let o(b) = -b**2 - 114*b + 96. Calculate o(14).
-1696
Let s(o) = -144*o + 453. What is s(-6)?
1317
Let j(w) = w**3 + 10*w**2 + 878*w + 9797. What is j(-11)?
18
Let b(x) = -677*x**2 - 66344*x + 19. Determine b(-98).
-177
Let z(k) = 2*k**3 - 173*k**2 + 270*k - 172. Determine z(85).
1103
Let d(x) = -41354*x - 1612835. Calculate d(-39).
-29
Let j(o) = -2*o**3 + 42*o**2 - 215*o + 76. What is j(14)?
-190
Let a(r) = 809*r + 368909. Determine a(-456).
5
Let b(c) = -673*c + 9821. What is b(15)?
-274
Let t(d) = 944*d**2 - 1778*d + 15. What is t(2)?
235
Let a(s) = 7*s**2 - 221*s - 2341. Give a(40).
19
Let i(r) = -r**3 - 7*r**2 + 588*r + 35. What is i(-28)?
35
Let b(o) = 22*o**3 + 24*o**2 - 42*o - 102. Calculate b(-3).
-354
Let p(y) = y**3 - 11*y**2 - 657*y + 1344. Give p(2).
-6
Let x(f) = f**2 + 10254*f - 287825. Calculate x(28).
71
Let q(f) = 3266*f**2 + 16334*f + 9. Give q(-5).
-11
Let u(j) = 67*j + 2119. Determine u(-32).
-25
Let z(d) = 91*d - 235. What is z(-6)?
-781
Let l(d) = -2717*d**3 - 35322*d**2 - 13*d + 13. What is l(-13)?
13
Let b(d) = -31*d**2 - 6847*d + 14701. What is b(-223)?
-17
Let y(i) = 2*i**2 - 3795*i + 690952. Determine y(204).
4
Let m(u) = -3*u**3 - 94*u**2 + 247*u + 8616. What is m(-31)?
-2
Let i(p) = 5753600*p + 5753589. Give i(-1).
-11
Let a(x) = -29898*x - 328887. Give a(-11).
-9
Let s(m) = 972*m**3 + 13*m**2 - 20*m + 7. Calculate s(1).
972
Let k(w) = -113985*w - 797999. Calculate k(-7).
-104
Let i(k) = 2*k**2 - 3770*k - 221401. Calculate i(-57).
-13
Let d(g) = -10*g**2 + 300*g - 1008. Give d(26).
32
Let y(h) = -h**3 - 4*h**2 - 77*h - 264. Determine y(-4).
44
Let a(s) = -24*s**3 - 1410*s**2 + 6422*s - 259. Give a(-63).
-7
Let t(d) = -101*d**2 - 211*d + 258. Give t(-3).
-18
Let v(i) = -i**3 + 283*i**2 - 1664*i + 17. What is v(6)?
5
Let v(h) = -17*h**2 - 646*h + 635. Calculate v(-39).
-28
Let u(a) = -5*a**2 - 144*a + 72. Calculate u(-17).
1075
Let d(t) = -2716*t - 219993. Determine d(-81).
3
Let t(p) = -39*p**3 + 51*p**2 - 27*p + 33. Determine t(-4).
3453
Let m(z) = 5*z**3 - 180*z + 458. Give m(3).
53
Let r(p) = -4*p**2 + 2510*p - 332024. Calculate r(438).
-20
Let r(z) = 2*z**3 + 1644*z**2 + 2556*z + 2101026. Calculate r(-822).
-6
Let b(q) = 9382*q + 290837. Calculate b(-31).
-5
Let a(y) = 3*y**2 + 1327*y + 4561. Dete